{"id":353,"date":"2014-07-06T09:23:30","date_gmt":"2014-07-06T08:23:30","guid":{"rendered":"http:\/\/enia-oil.com\/?page_id=353"},"modified":"2025-04-07T16:03:27","modified_gmt":"2025-04-07T15:03:27","slug":"steppenrautenol","status":"publish","type":"page","link":"https:\/\/juvin.de\/?page_id=353","title":{"rendered":"06 Steppenrauten\u00f6l"},"content":{"rendered":"<p><img loading=\"lazy\" decoding=\"async\" class=\"aligncenter wp-image-2997 size-medium\" src=\"https:\/\/juvin.de\/wp-content\/uploads\/2016\/10\/06-177x300.jpg\" alt=\"\" width=\"177\" height=\"300\" srcset=\"https:\/\/juvin.de\/wp-content\/uploads\/2016\/10\/06-177x300.jpg 177w, https:\/\/juvin.de\/wp-content\/uploads\/2016\/10\/06-604x1024.jpg 604w, https:\/\/juvin.de\/wp-content\/uploads\/2016\/10\/06-768x1302.jpg 768w, https:\/\/juvin.de\/wp-content\/uploads\/2016\/10\/06-906x1536.jpg 906w, https:\/\/juvin.de\/wp-content\/uploads\/2016\/10\/06-1208x2048.jpg 1208w, https:\/\/juvin.de\/wp-content\/uploads\/2016\/10\/06-600x1017.jpg 600w, https:\/\/juvin.de\/wp-content\/uploads\/2016\/10\/06.jpg 1242w\" sizes=\"auto, (max-width: 177px) 100vw, 177px\" \/><\/p>\n<p style=\"text-align: center;\"><span style=\"color: #800000;\"><strong>JUVIN<\/strong><\/span> <span style=\"color: #000000;\">Steppenrauten\u00f6l ist sortenrein und frei von Zus\u00e4tzen<\/span><\/p>\n<p style=\"text-align: center;\"><span style=\"color: #000000;\">Die Steppenraute ist in W\u00fcsten-\u00a0\/ Steppengebieten beheimatet und gilt seit Jahrtausenden als Heilpflanze und Aphrodisiakum.<\/span><\/p>\n<p><span style=\"color: #000000;\"><strong>Herstellung :<\/strong><\/span><\/p>\n<p><span style=\"color: #800000;\"><strong>JUVIN<\/strong><\/span> <span style=\"color: #000000;\">Steppenrauten\u00f6l wird\u00a0aus den Samen der\u00a0Steppenraute (Peganum Harmala Linnaeus) gepresst. <\/span><span style=\"color: #000000;\">Die Samen\u00a0werden\u00a0traditionell geerntet,\u00a0gereinigt und kaltge\u00adpresst bei ca. 27\u00b0C.<\/span><\/p>\n<p><span style=\"color: #000000;\">Die traditionelle Herstellung\u00a0erfolgt unter Beachtung \u00f6kologisch-nachhaltiger Aspekte.<\/span><\/p>\n<p><span style=\"color: #000000;\"><strong>Produktinformationen :<\/strong><\/span><\/p>\n<p><span style=\"color: #000000;\">Herkunft : Nicht-EU \/ Zutaten :\u00a0Steppenrautensamen (unbehandelt)<\/span><\/p>\n<p><strong><span style=\"color: #000000;\">Kann Spuren von Schalenfr\u00fcchten &amp; Getreide enthalten.<\/span><\/strong><\/p>\n<p style=\"text-align: left;\"><span style=\"color: #000000;\"><b>N\u00e4hrwert \/ je 100 g<br \/>\n<\/b><\/span><\/p>\n<p style=\"text-align: left;\"><span style=\"color: #000000;\">Brennwert : 3.693 kJ \/ 882 kcal<\/span><\/p>\n<p style=\"text-align: left;\"><span style=\"color: #000000;\">Eiwei\u00df, Kohlenhydrate, Zucker, Ballaststoffe, Natrium\u00a0: 0 g<\/span><\/p>\n<p style=\"text-align: left;\"><span style=\"color: #000000;\">Fett : 100 g, davon<\/span><\/p>\n<p style=\"text-align: left;\"><span style=\"color: #000000;\">ges\u00e4ttigte Fetts\u00e4uren : 13 g<\/span><\/p>\n<p style=\"text-align: left;\"><span style=\"color: #000000;\">einfach unges\u00e4ttigte Fetts\u00e4uren : 24 g<\/span><\/p>\n<p style=\"text-align: left;\"><span style=\"color: #000000;\">mehrfach unges\u00e4ttigte Fetts\u00e4uren : 63 g<\/span><\/p>\n<p><span style=\"color: #000000;\"><strong>Verpackung :<\/strong><\/span><\/p>\n<p><span style=\"color: #800000;\"><strong>JUVIN<\/strong><\/span> <span style=\"color: #000000;\">Steppenrauten\u00f6l wird in einer 100 ml fassenden Metallflasche (Wei\u00dfblech) verkauft. Der Ausgie\u00dfer ist aus Kunststoff. Vor Gebrauch muss die Versiegelung entfernt werden.<\/span><\/p>\n<p><span style=\"color: #000000;\"><strong>Anwendung :<\/strong><\/span><\/p>\n<p><span style=\"color: #800000;\"><strong>JUVIN<\/strong><\/span> <span style=\"color: #000000;\">Steppenrauten\u00f6l ist stark mit der orientalischen K\u00fcche verwurzelt&#8230;es passt hervorragend zu Kichererbsen oder zu Reis-\/Humusgerichten.<\/span><\/p>\n<p><span style=\"color: #000000;\"><strong>Bestellhinweis :<\/strong><\/span><\/p>\n<p><span style=\"color: #000000;\">Dieses Produkt findest Du<\/span> <strong><a href=\"http:\/\/juvin.de\/?product=06-steppenrautenol\" target=\"_blank\" rel=\"noopener noreferrer\">HIER<\/a><\/strong><\/p>\n","protected":false},"excerpt":{"rendered":"<p>JUVIN Steppenrauten\u00f6l ist sortenrein und frei von Zus\u00e4tzen Die Steppenraute ist in W\u00fcsten-\u00a0\/ Steppengebieten beheimatet und gilt seit Jahrtausenden als Heilpflanze und Aphrodisiakum. Herstellung : JUVIN Steppenrauten\u00f6l wird\u00a0aus den Samen der\u00a0Steppenraute (Peganum Harmala Linnaeus) gepresst. Die Samen\u00a0werden\u00a0traditionell geerntet,\u00a0gereinigt und kaltge\u00adpresst bei ca. 27\u00b0C. Die traditionelle Herstellung\u00a0erfolgt unter Beachtung \u00f6kologisch-nachhaltiger Aspekte. Produktinformationen : Herkunft : Nicht-EU&hellip; <\/p>\n","protected":false},"author":2,"featured_media":0,"parent":127,"menu_order":7,"comment_status":"closed","ping_status":"closed","template":"","meta":{"footnotes":""},"class_list":["post-353","page","type-page","status-publish","hentry"],"_links":{"self":[{"href":"https:\/\/juvin.de\/index.php?rest_route=\/wp\/v2\/pages\/353","targetHints":{"allow":["GET"]}}],"collection":[{"href":"https:\/\/juvin.de\/index.php?rest_route=\/wp\/v2\/pages"}],"about":[{"href":"https:\/\/juvin.de\/index.php?rest_route=\/wp\/v2\/types\/page"}],"author":[{"embeddable":true,"href":"https:\/\/juvin.de\/index.php?rest_route=\/wp\/v2\/users\/2"}],"replies":[{"embeddable":true,"href":"https:\/\/juvin.de\/index.php?rest_route=%2Fwp%2Fv2%2Fcomments&post=353"}],"version-history":[{"count":28,"href":"https:\/\/juvin.de\/index.php?rest_route=\/wp\/v2\/pages\/353\/revisions"}],"predecessor-version":[{"id":3057,"href":"https:\/\/juvin.de\/index.php?rest_route=\/wp\/v2\/pages\/353\/revisions\/3057"}],"up":[{"embeddable":true,"href":"https:\/\/juvin.de\/index.php?rest_route=\/wp\/v2\/pages\/127"}],"wp:attachment":[{"href":"https:\/\/juvin.de\/index.php?rest_route=%2Fwp%2Fv2%2Fmedia&parent=353"}],"curies":[{"name":"wp","href":"https:\/\/api.w.org\/{rel}","templated":true}]}}