{"id":404,"date":"2014-07-13T07:14:03","date_gmt":"2014-07-13T06:14:03","guid":{"rendered":"http:\/\/enia-oil.com\/?page_id=404"},"modified":"2025-04-07T16:02:54","modified_gmt":"2025-04-07T15:02:54","slug":"baumwollsamenol","status":"publish","type":"page","link":"https:\/\/juvin.de\/?page_id=404","title":{"rendered":"05 Baumwollsamen\u00f6l"},"content":{"rendered":"<p><img loading=\"lazy\" decoding=\"async\" class=\"aligncenter wp-image-2996 size-medium\" src=\"https:\/\/juvin.de\/wp-content\/uploads\/2016\/10\/05-179x300.jpg\" alt=\"\" width=\"179\" height=\"300\" srcset=\"https:\/\/juvin.de\/wp-content\/uploads\/2016\/10\/05-179x300.jpg 179w, https:\/\/juvin.de\/wp-content\/uploads\/2016\/10\/05-610x1024.jpg 610w, https:\/\/juvin.de\/wp-content\/uploads\/2016\/10\/05-768x1289.jpg 768w, https:\/\/juvin.de\/wp-content\/uploads\/2016\/10\/05-915x1536.jpg 915w, https:\/\/juvin.de\/wp-content\/uploads\/2016\/10\/05-600x1007.jpg 600w, https:\/\/juvin.de\/wp-content\/uploads\/2016\/10\/05.jpg 1193w\" sizes=\"auto, (max-width: 179px) 100vw, 179px\" \/><\/p>\n<p style=\"text-align: center;\"><span style=\"color: #000000;\"><span style=\"color: #800000;\"><strong>JUVIN<\/strong><\/span> Baumwollsamen\u00f6l ist sortenrein und frei von Zus\u00e4tzen.<\/span><\/p>\n<p style=\"text-align: justify;\"><span style=\"color: #000000;\"><strong>Herstellung :<\/strong><\/span><\/p>\n<p style=\"text-align: left;\"><span style=\"color: #800000;\"><strong>JUVIN<\/strong><\/span><span style=\"color: #000000;\"> Baumwollsamen\u00f6l wird\u00a0aus\u00a0den Samen der Baumwollpflanze gepresst. <\/span><span style=\"color: #000000;\">Die Samen\u00a0werden\u00a0traditionell geerntet,\u00a0gereinigt und kaltge\u00adpresst bei ca. 27\u00b0C.<\/span><\/p>\n<p style=\"text-align: left;\"><span style=\"color: #000000;\">Die traditionelle Herstellung\u00a0erfolgt unter Beachtung \u00f6kologisch-nachhaltiger Aspekte.<\/span><\/p>\n<p style=\"text-align: left;\"><span style=\"color: #000000;\"><strong>Produktinformationen :<\/strong><\/span><\/p>\n<p style=\"text-align: left;\"><span style=\"color: #000000;\">Herkunft : Nicht-EU \/ Zutaten :\u00a0Baumwollsamen (unbehandelt)<\/span><\/p>\n<p><strong><span style=\"color: #000000;\">Kann Spuren von Schalenfr\u00fcchten &amp; Getreide enthalten.<\/span><\/strong><\/p>\n<p><span style=\"color: #000000;\"><strong>N\u00e4hrwert \/ je 100 g<\/strong><br \/>\n<\/span><\/p>\n<p><span style=\"color: #000000;\">Brennwert : 3.694 kJ \/ 884 kcal<\/span><\/p>\n<p><span style=\"color: #000000;\">Eiwei\u00df, Kohlenhydrate, Zucker, Ballaststoffe, Natrium\u00a0: 0 g<\/span><\/p>\n<p><span style=\"color: #000000;\">Fett : 100 g, davon<\/span><\/p>\n<p><span style=\"color: #000000;\">ges\u00e4ttigte Fetts\u00e4uren : 26 g<\/span><\/p>\n<p><span style=\"color: #000000;\">einfach unges\u00e4ttigte Fetts\u00e4uren : 18 g<\/span><\/p>\n<p><span style=\"color: #000000;\">mehrfach unges\u00e4ttigte Fetts\u00e4uren : 52 g<\/span><\/p>\n<p><span style=\"color: #000000;\"><strong>Verpackung :<\/strong><\/span><\/p>\n<p><span style=\"color: #800000;\"><strong>JUVIN<\/strong><\/span> <span style=\"color: #000000;\">Baumwollsamen\u00f6l wird in einer 100 ml fassenden Metallflasche (<em>Wei\u00dfblech<\/em>) verkauft. Der Ausgie\u00dfer ist aus Kunststoff. Vor Gebrauch muss die Versiegelung entfernt werden.<\/span><\/p>\n<p><span style=\"color: #000000;\"><strong>Anwendung\u00a0:<\/strong><\/span><\/p>\n<p><span style=\"color: #800000;\"><strong><strong>JUVIN<\/strong> <\/strong><\/span><span style=\"color: #000000;\">Baumwollsamen\u00f6l\u00a0findet heutzutage als exotische Zutat\u00a0in diversen Gerichten\u00a0Verwendung und ist grunds\u00e4tzlich mit der orientalischen K\u00fcche verwurzelt&#8230;<\/span><\/p>\n<p><span style=\"color: #000000;\"><strong>Bestellhinweis :<\/strong><\/span><\/p>\n<p><span style=\"color: #000000;\">Dieses Produkt findest Du<\/span> <strong><a href=\"http:\/\/juvin.de\/?product=05-baumwollsamenol\" target=\"_blank\" rel=\"noopener noreferrer\">HIER<\/a><\/strong><\/p>\n","protected":false},"excerpt":{"rendered":"<p>JUVIN Baumwollsamen\u00f6l ist sortenrein und frei von Zus\u00e4tzen. Herstellung : JUVIN Baumwollsamen\u00f6l wird\u00a0aus\u00a0den Samen der Baumwollpflanze gepresst. Die Samen\u00a0werden\u00a0traditionell geerntet,\u00a0gereinigt und kaltge\u00adpresst bei ca. 27\u00b0C. Die traditionelle Herstellung\u00a0erfolgt unter Beachtung \u00f6kologisch-nachhaltiger Aspekte. Produktinformationen : Herkunft : Nicht-EU \/ Zutaten :\u00a0Baumwollsamen (unbehandelt) Kann Spuren von Schalenfr\u00fcchten &amp; Getreide enthalten. N\u00e4hrwert \/ je 100 g Brennwert :&hellip; <\/p>\n","protected":false},"author":2,"featured_media":0,"parent":127,"menu_order":6,"comment_status":"closed","ping_status":"closed","template":"","meta":{"footnotes":""},"class_list":["post-404","page","type-page","status-publish","hentry"],"_links":{"self":[{"href":"https:\/\/juvin.de\/index.php?rest_route=\/wp\/v2\/pages\/404","targetHints":{"allow":["GET"]}}],"collection":[{"href":"https:\/\/juvin.de\/index.php?rest_route=\/wp\/v2\/pages"}],"about":[{"href":"https:\/\/juvin.de\/index.php?rest_route=\/wp\/v2\/types\/page"}],"author":[{"embeddable":true,"href":"https:\/\/juvin.de\/index.php?rest_route=\/wp\/v2\/users\/2"}],"replies":[{"embeddable":true,"href":"https:\/\/juvin.de\/index.php?rest_route=%2Fwp%2Fv2%2Fcomments&post=404"}],"version-history":[{"count":23,"href":"https:\/\/juvin.de\/index.php?rest_route=\/wp\/v2\/pages\/404\/revisions"}],"predecessor-version":[{"id":3056,"href":"https:\/\/juvin.de\/index.php?rest_route=\/wp\/v2\/pages\/404\/revisions\/3056"}],"up":[{"embeddable":true,"href":"https:\/\/juvin.de\/index.php?rest_route=\/wp\/v2\/pages\/127"}],"wp:attachment":[{"href":"https:\/\/juvin.de\/index.php?rest_route=%2Fwp%2Fv2%2Fmedia&parent=404"}],"curies":[{"name":"wp","href":"https:\/\/api.w.org\/{rel}","templated":true}]}}